02 (base 5) to base 11
93
-543 (base 6) to base 11
-179
61 (base 7) to base 8
53
Convert 17f (base 16) to base 2.
101111111
What is -6 (base 10) in base 9?
-6
Convert 50 (base 6) to base 8.
36
Convert -441 (base 6) to base 8.
-251
20 (base 7) to base 14
10
Convert 1a (base 14) to base 13.
1b
What is -4 (base 15) in base 7?
-4
Convert 169 (base 14) to base 3.
101201
-12 (base 3) to base 4
-11
What is -158 (base 12) in base 9?
-255
What is -65 (base 7) in base 5?
-142
What is -4 (base 6) in base 5?
-4
57 (base 13) to base 11
66
1111 (base 3) to base 5
130
What is -10012 (base 4) in base 10?
-262
-3c (base 14) to base 13
-42
Convert -1 (base 12) to base 6.
-1
-21 (base 10) to base 2
-10101
1111 (base 2) to base 12
13
8 (base 16) to base 11
8
Convert -234 (base 6) to base 7.
-163
-1 (base 3) to base 4
-1
-d (base 16) to base 12
-11
Convert 3 (base 11) to base 10.
3
Convert 1 (base 14) to base 9.
1
What is -10101 (base 2) in base 15?
-16
Convert 112 (base 5) to base 14.
24
Convert 140 (base 6) to base 13.
48
What is 111 (base 3) in base 12?
11
What is 7c (base 16) in base 8?
174
Convert 0 (base 15) to base 13.
0
Convert 20 (base 3) to base 12.
6
Convert 22211 (base 3) to base 2.
11101110
-55 (base 6) to base 9
-38
32 (base 4) to base 14
10
0 (base 8) to base 16
0
133 (base 6) to base 16
39
Convert -54 (base 9) to base 13.
-3a
Convert 112 (base 9) to base 15.
62
Convert -334 (base 7) to base 9.
-211
What is -10 (base 2) in base 6?
-2
-15 (base 10) to base 15
-10
What is 2 (base 5) in base 4?
2
1 (base 16) to base 3
1
-9 (base 12) to base 15
-9
12 (base 3) to base 2
101
2 (base 15) to base 5
2
Convert 23 (base 5) to base 6.
21
What is -136 (base 8) in base 4?
-1132
Convert -12 (base 10) to base 14.
-c
-35 (base 8) to base 16
-1d
Convert 1 (base 14) to base 7.
1
Convert 3 (base 7) to base 4.
3
-b (base 15) to base 4
-23
Convert 1 (base 4) to base 14.
1
Convert 110 (base 5) to base 13.
24
Convert 173 (base 9) to base 10.
147
Convert 60 (base 9) to base 7.
105
What is -53 (base 14) in base 4?
-1021
What is 2112 (base 4) in base 14?
aa
What is 1100 (base 2) in base 8?
14
Convert -5 (base 8) to base 10.
-5
Convert 3 (base 14) to base 15.
3
313 (base 5) to base 7
146
-5 (base 6) to base 11
-5
2 (base 14) to base 4
2
-10011 (base 2) to base 15
-14
Convert -135 (base 6) to base 8.
-73
What is -1 (base 7) in base 14?
-1
Convert -4 (base 15) to base 12.
-4
Convert -1113 (base 5) to base 8.
-236
Convert -23 (base 16) to base 7.
-50
-1 (base 11) to base 4
-1
What is 1 (base 12) in base 11?
1
Convert -2 (base 9) to base 8.
-2
Convert 43 (base 14) to base 11.
54
Convert -1 (base 15) to base 12.
-1
Convert 144 (base 12) to base 16.
c4
-61 (base 9) to base 15
-3a
Convert 0 (base 16) to base 3.
0
-51 (base 11) to base 7
-110
What is -6 (base 16) in base 8?
-6
What is 11 (base 9) in base 10?
10
What is -90 (base 10) in base 2?
-1011010
What is -11 (base 3) in base 14?
-4
-4a (base 11) to base 5
-204
What is -4 (base 14) in base 4?
-10
-9 (base 10) to base 13
-9
Convert 0 (base 9) to base 2.
0
Convert 11 (base 13) to base 2.
1110
What is -11 (base 6) in base 3?
-21
-7 (base 9) to base 4
-13
-12 (base 11) to base 13
-10
-6 (base 8) to base 11
-6
What is -23 (base 9) in base 16?
-15
Convert -1 (base 2) to base 15.
-1
7 (base 11) to base 3
21
-1010 (base 2) to base 11
-a
Convert -6 (base 15) to base 13.
-6
What is -5 (base 9) in base 3?
-12
-10 (base 16) to base 3
-121
Convert -3 (base 9) to base 2.
-11
6 (base 16) to base 14
6
38 (base 14) to base 12
42
What is 22 (base 5) in base 6?
20
What is -100001 (base 2) in base 7?
-45
What is -100 (base 8) in base 14?
-48
Convert 43 (base 13) to base 2.
110111
What is 1 (base 5) in base 7?
1
Convert -1 (base 4) to base 2.
-1
168 (base 9) to base 2
10001111
What is 120 (base 3) in base 6?
23
26 (base 10) to base 16
1a
-104 (base 5) to base 10
-29
What is 1 (base 13) in base 16?
1
-9 (base 15) to base 2
-1001
Convert 36 (base 9) to base 3.
1020
-200 (base 4) to base 7
-44
What is 3d (base 15) in base 9?
64
What is -85 (base 9) in base 16?
-4d
What is 9 (base 13) in base 16?
9
What is -7 (base 13) in base 16?
-7
3 (base 13) to base 4
3
-31 (base 7) to base 4
-112
-35 (base 11) to base 8
-46
What is -42 (base 5) in base 3?
-211
What is 1 (base 11) in base 6?
1
-4 (base 13) to base 16
-4
Convert -3 (base 6) to base 3.
-10
What is -7 (base 12) in base 10?
-7
What is -164 (base 10) in base 11?
-13a
3 (base 16) to base 15
3
Convert -9f (base 16) to base 7.
-315
What is -39 (base 15) in base 5?
-204
What is 53 (base 7) in base 4?
212
What is 21 (base 3) in base 13?
7
What is 1231 (base 4) in base 16?
6d
Convert 3332 (base 4) to base 7.
512
What is -3 (base 16) in base 6?
-3
-4 (base 14) to base 7
-4
24 (base 12) to base 5
103
Convert 203 (base 6) to base 2.
1001011
What is 5 (base 9) in base 8?
5
-10 (base 2) to base 4
-2
What is -114 (base 6) in base 2?
-101110
Convert 0 (base 7) to base 4.
0
-14 (base 16) to base 15
-15
Convert -3 (base 16) to base 9.
-3
What is e9 (base 15) in base 8?
333
Convert -98 (base 11) to base 4.
-1223
What is -233 (base 11) in base 5?
-2103
What is 6 (base 8) in base 16?
6
13 (base 5) to base 13
8
-ad (base 15) to base 8
-243
Convert 163 (base 9) to base 14.
9c
What is -3 (base 6) in base 11?
-3
Convert -120 (base 5) to base 16.
-23
6 (base 12) to base 11
6
-100 (base 5) to base 4
-121
-3 (base 14) to base 13
-3
-21 (base 7) to base 8
-17
21 (base 5) to base 9
12
Convert -28 (base 12) to base 13.
-26
Convert -264 (base 7) to base 10.
-144
What is 1 (base 14) in base 15?
1
-33 (base 5) to base 6
-30
Convert -25 (base 11) to base 7.
-36
Convert -63 (base 13) to base 16.
-51
What is -1 (base 7) in base 4?
-1
102 (base 8) to base 11
60
Convert 5 (base 16) to base 11.
5
0 (base 9) to base 12
0
-38 (base 12) to base 6
-112
5 (base 12) to base 10
5
67 (base 12) to base 9
87
-5a (base 11) to base 6
-145
Convert -100111110 (base 2) to base 5.
-2233
1 (base 13) to base 12
1
Convert -12 (base 3) to base 11.
-5
What is -14 (base 6) in base 12?
-a
1000 (base 3) to base 15
1c
Convert 103 (base 7) to base 9.
57
100001 (base 2) to base 15
23
44 (base 6) to base 14
20
What is 0 (base 15) in base 12?
0
-21 (base 11) to base 7
-32
Convert 134 (base 6) to base 9.
64
1010 (base 2) to base 9
11
-142 (base 11) to base 14
-bd
0 (base 2) to base 12
0
Convert 20 (base 8) to base 12.
14
-2 (base 9) to base 12
-2
What is -38 (base 14) in base 9?
-55
-5 (base 10) to base 14
-5
-170 (base 12) to base 10
-228
What is 1 (base 6) in base 13?
1
19 (base 16) to base 14
1b
9 (base 10) to base 7
12
Convert 16 (base 15) to base 11.
1a
What is -30 (base 5) in base 15?
-10
3 (base 16) to base 14
3
Convert 5 (base 14) to base 13.
5
What is 11 (base 14) in base 6?
23
What is b (base 15) in base 11?
10
What is 3 (base 8) in base 10?
3
Convert 132 (base 14) to base 8.
360
Convert 170 (base 14) to base 4.
10212
What is 1a (base 13) in base 10?
23
-12 (base 3) to base 10
-5
2 (base 6) to base 2
10
-5 (base 8) to base 10
-5
7 (base 16) to base 6
11
6 (base 15) to base 6
10
Convert -12 (base 4) to base 2.
-110
Convert 4 (base 5) to base 14.
4
101 (base 3) to base 9
11
Convert -8 (base 11) to base 9.
-8
Convert 3 (base 12) to base 6.
3
Convert 182 (base 9) to base 8.
233
Convert -1 (base 3) to base 5.
-1
What is 6 (base 9) in base 11?
6
What is 8 (base 15) in base 14?
8
Convert -21 (base 8) to base 15.
-12
Convert 1011 (base 2) to base 4.
23
Convert -3a (base 13) to base 6.
-121
Convert 12 (base 5) to base 15.
7
What is -1044 (base 5) in base 12?
-105
Convert -1043 (base 6) to base 15.
-113
What is -111 (base 11) in base 5?
-1013
111010 (base 2) to base 15
3d
e4 (base 16) to base 15
103
Convert 185 (base 10) to base 6.
505
-3c (base 15) to base 13
-45
Convert -36 (base 14) to base 2.
-110000
Convert 11 (base 2) to base 16.
3
What is -10 (base 14) in base 7?
-20
-8 (base 15) to base 3
-22
What is -1 (base 8) in base 11?
-1
What is 10 (base 3) in base 9?
3
-4 (base 7) to base 14
-4
What is -43 (base 8) in base 3?
-1022
Convert -72 (base 15) to base 9.
-128
-2 (base 9) to base 7
-2
-2012 (base 3) to base 10
-59
Convert 119 (base 10) to base 8.
167
1 (base 15) to base 5
1
What is 100010010 (base 2) in base 14?
158
0 (base 6) to base 16
0
What is -1 (base 13